, 6659
List the prime factors of 255589677.
3, 7, 4056979
List the prime factors of 248838598.
2, 124419299
What are the prime factors of 47670131?
47670131
List the prime factors of 2027672735.
5, 11, 197, 187141
List the prime factors of 87110984.
2, 10888873
List the prime factors of 37920197.
7, 29, 186799
What are the prime factors of 54803212?
2, 59, 232217
What are the prime factors of 75443097?
3, 25147699
What are the prime factors of 823136552?
2, 7, 31, 137, 3461
List the prime factors of 373286046.
2, 3, 7, 19, 359, 1303
List the prime factors of 261128723.
19, 43, 7433
What are the prime factors of 3328991147?
3328991147
What are the prime factors of 552314255?
5, 110462851
List the prime factors of 32521268.
2, 13, 625409
List the prime factors of 9333412.
2, 11, 212123
List the prime factors of 61741470.
2, 3, 5, 7, 97, 433
What are the prime factors of 455120995?
5, 7, 13003457
List the prime factors of 96317152.
2, 1607, 1873
What are the prime factors of 87177748?
2, 7, 191, 16301
What are the prime factors of 92093091?
3, 30697697
List the prime factors of 1203704134.
2, 251, 563, 4259
What are the prime factors of 2661843941?
59, 45115999
List the prime factors of 374425641.
3, 29, 47, 131, 233
List the prime factors of 1863337455.
3, 5, 7, 41, 20611
What are the prime factors of 400506526?
2, 7, 28607609
List the prime factors of 6781710.
2, 3, 5, 13, 17389
List the prime factors of 1697847549.
3, 565949183
List the prime factors of 1329636399.
3, 7, 13, 29, 12919
What are the prime factors of 70098818?
2, 2017, 17377
What are the prime factors of 4512177483?
3, 11, 29, 428629
List the prime factors of 505450544.
2, 31590659
What are the prime factors of 36414977?
59, 71, 8693
What are the prime factors of 733746881?
7, 6737, 15559
What are the prime factors of 887757972?
2, 3, 139, 167, 3187
What are the prime factors of 18417054?
2, 3, 107, 28687
What are the prime factors of 27129995?
5, 23, 269, 877
List the prime factors of 58465314.
2, 3, 120299
What are the prime factors of 623154188?
2, 31, 5025437
List the prime factors of 172534776.
2, 3, 23, 312563
List the prime factors of 412354810.
2, 5, 7, 23, 256121
What are the prime factors of 616451217?
3, 205483739
What are the prime factors of 5270550067?
103, 641, 79829
What are the prime factors of 191621730?
2, 3, 5, 313, 20407
List the prime factors of 32814475.
5, 1312579
What are the prime factors of 1192058005?
5, 19, 397, 31607
What are the prime factors of 103184748?
2, 3, 193, 14851
What are the prime factors of 240223283?
3299, 72817
What are the prime factors of 433184566?
2, 216592283
List the prime factors of 2840038569.
3, 4253, 74197
List the prime factors of 1255595845.
5, 7, 271, 18911
List the prime factors of 106894622.
2, 367, 145633
What are the prime factors of 492818625?
3, 5, 13, 31, 1087
List the prime factors of 398459531.
163, 2444537
What are the prime factors of 219517816?
2, 7, 3919961
List the prime factors of 292912975.
5, 17, 109, 6323
What are the prime factors of 155356713?
3, 199, 86743
List the prime factors of 121661852.
2, 13, 2339651
What are the prime factors of 84072366?
2, 3, 7, 667241
What are the prime factors of 48711273?
3, 13, 17, 73471
What are the prime factors of 873042041?
6581, 132661
List the prime factors of 26309191.
26309191
What are the prime factors of 68296800?
2, 3, 5, 11, 13, 199
What are the prime factors of 777930128?
2, 3557, 13669
What are the prime factors of 456066025?
5, 19, 960139
List the prime factors of 2315493166.
2, 7, 165392369
What are the prime factors of 67331786?
2, 37, 909889
List the prime factors of 210066059.
7, 17, 1039, 1699
What are the prime factors of 986582821?
7, 661, 213223
List the prime factors of 50790541.
50790541
List the prime factors of 1297139737.
1297139737
List the prime factors of 2459883784.
2, 307485473
What are the prime factors of 653356214?
2, 7, 46668301
What are the prime factors of 592761907?
592761907
What are the prime factors of 618921692?
2, 97, 347, 4597
What are the prime factors of 144770720?
2, 5, 131, 6907
List the prime factors of 173407252.
2, 47, 83, 11113
List the prime factors of 39608135.
5, 7, 103, 10987
What are the prime factors of 114316046?
2, 13, 19, 231409
What are the prime factors of 504103867?
4817, 104651
List the prime factors of 194066052.
2, 3, 43, 376097
What are the prime factors of 4854944550?
2, 3, 5, 32366297
List the prime factors of 220298825.
5, 19, 463787
What are the prime factors of 822160303?
653, 1259051
What are the prime factors of 2135350?
2, 5, 7, 6101
What are the prime factors of 790744914?
2, 3, 29, 1514837
What are the prime factors of 13940625?
3, 5, 1487
What are the prime factors of 4177995128?
2, 12889, 40519
What are the prime factors of 8257210087?
7, 47, 701, 35803
List the prime factors of 145218431.
4013, 36187
What are the prime factors of 9803794?
2, 7, 11, 13, 59, 83
What are the prime factors of 7821625876?
2, 941, 2078009
List the prime factors of 119904852.
2, 3, 1777, 5623
What are the prime factors of 31444739?
43, 47, 15559
What are the prime factors of 164557544?
2, 2239, 9187
List the prime factors of 34779912.
2, 3, 1449163
List the prime factors of 825075917.
825075917
What are the prime factors of 5002477355?
5, 1000495471
List the prime factors of 2108044901.
2108044901
What are the prime factors of 8328460?
2, 5, 7, 19, 31, 101
What are the prime factors of 1161094669?
7, 37, 883, 5077
What are the prime factors of 205858672?
2, 12866167
What are the prime factors of 890676397?
13, 68513569
What are the prime factors of 4663579476?
2, 3, 11959, 32497
What are the prime factors of 86623813?
97, 893029
What are the prime factors of 123045706?
2, 7, 8788979
List the prime factors of 189617748.
2, 3, 37, 427067
List the prime factors of 7745405.
5, 1549081
List the prime factors of 109180859.
19, 47, 122263
List the prime factors of 843934085.
5, 61, 2766997
What are the prime factors of 555900033?
3, 13, 14253847
List the prime factors of 447404761.
19, 67, 351457
List the prime factors of 11379845.
5, 163, 13963
List the prime factors of 149067185.
5, 41, 727157
What are the prime factors of 3620630328?
2, 3, 7, 109, 163, 1213
What are the prime factors of 1667076757?
853, 1954369
What are the prime factors of 223775273?
223775273
List the prime factors of 174080954.
2, 151, 576427
What are the prime factors of 1235875457?
1235875457
List the prime factors of 1463189968.
2, 79, 14653
What are the prime factors of 70305874?
2, 941, 37357
What are the prime factors of 80840391?
3, 67, 89, 4519
List the prime factors of 2777115687.
3, 31, 29861459
What are the prime factors of 18962772?
2, 3, 73, 21647
List the prime factors of 45424769.
13, 109, 32057
What are the prime factors of 128029681?
13, 311, 31667
What are the prime factors of 600194224?
2, 7, 31, 172867
What are the prime factors of 19774797?
3, 7, 43, 61, 359
List the prime factors of 129641784.
2, 3, 37, 67, 2179
What are the prime factors of 2336383926?
2, 3, 599, 24077
List the prime factors of 15902224.
2, 13, 5881
What are the prime factors of 1805287196?
2, 491, 919189
What are the prime factors of 205700826?
2, 3, 2377, 14423
What are the prime factors of 3346277616?
2, 3, 11, 704183
List the prime factors of 2530774063.
31, 37, 2206429
List the prime factors of 103196558.
2, 29, 953, 1867
What are the prime factors of 83452343?
13, 29, 41, 5399
What are the prime factors of 1306191217?
1306191217
List the prime factors of 584310313.
857, 681809
What are the prime factors of 735268328?
2, 91908541
List the prime factors of 344305845.
3, 5, 13, 17, 89, 389
What are the prime factors of 24312088?
2, 3039011
List the prime factors of 937754904.
2, 3, 29, 47, 109, 263
What are the prime factors of 251172249?
3, 619, 135257
List the prime factors of 180741491.
7, 179, 144247
What are the prime factors of 68463463?
83, 824861
List the prime factors of 327138950.
2, 5, 6542779
List the prime factors of 339946784.
2, 19, 559123
What are the prime factors of 115470217?
181, 607, 1051
What are the prime factors of 329396787?
3, 19, 214033
What are the prime factors of 503559047?
1151, 437497
List the prime factors of 826222318